d 9.
9
What is the greatest common divisor of 23 and 299?
23
What is the greatest common factor of 55 and 285?
5
What is the greatest common divisor of 5775 and 840?
105
Calculate the highest common divisor of 23 and 1633.
23
What is the highest common divisor of 26 and 26?
26
Calculate the greatest common divisor of 42 and 18.
6
Calculate the highest common divisor of 1570 and 10.
10
What is the greatest common divisor of 26 and 962?
26
Calculate the highest common divisor of 180 and 130.
10
What is the greatest common divisor of 45 and 8490?
15
What is the greatest common divisor of 255 and 731?
17
Calculate the highest common factor of 9113 and 65.
13
Calculate the highest common divisor of 136 and 1156.
68
Calculate the greatest common factor of 675 and 1950.
75
Calculate the greatest common divisor of 1935 and 495.
45
What is the highest common divisor of 182 and 78?
26
Calculate the highest common divisor of 14140 and 140.
140
Calculate the greatest common factor of 12504 and 48.
24
What is the highest common factor of 777 and 168?
21
What is the highest common factor of 96 and 3?
3
Calculate the greatest common divisor of 14 and 344.
2
What is the greatest common divisor of 749 and 1177?
107
What is the highest common factor of 442 and 494?
26
What is the greatest common factor of 122 and 34526?
122
What is the highest common factor of 712 and 8?
8
Calculate the highest common divisor of 1586 and 366.
122
What is the greatest common divisor of 2600 and 4?
4
Calculate the greatest common factor of 752 and 470.
94
Calculate the highest common divisor of 364 and 609.
7
What is the highest common divisor of 3753 and 54?
27
Calculate the highest common divisor of 2253 and 24.
3
Calculate the highest common divisor of 273 and 637.
91
Calculate the greatest common factor of 4669 and 77.
7
Calculate the highest common factor of 3938 and 22.
22
What is the highest common factor of 4738 and 412?
206
What is the greatest common divisor of 2 and 206?
2
Calculate the greatest common factor of 96 and 3888.
48
Calculate the greatest common factor of 1705 and 620.
155
What is the greatest common divisor of 1106 and 658?
14
What is the highest common factor of 99 and 27?
9
What is the highest common divisor of 1080 and 75?
15
Calculate the highest common divisor of 141 and 6.
3
What is the highest common factor of 40 and 5660?
20
What is the greatest common divisor of 77 and 1701?
7
Calculate the greatest common divisor of 59 and 1180.
59
What is the highest common divisor of 16 and 200?
8
What is the greatest common divisor of 88 and 66?
22
Calculate the greatest common divisor of 441 and 686.
49
What is the greatest common factor of 100 and 460?
20
What is the greatest common factor of 72 and 1620?
36
Calculate the highest common divisor of 50 and 1250.
50
Calculate the greatest common divisor of 189 and 441.
63
Calculate the highest common factor of 4654 and 26.
26
What is the greatest common factor of 1044 and 162?
18
What is the highest common factor of 11790 and 54?
18
Calculate the greatest common divisor of 495 and 153.
9
Calculate the highest common factor of 3540 and 80.
20
Calculate the greatest common divisor of 5252 and 52.
52
What is the greatest common factor of 10054 and 88?
22
Calculate the highest common divisor of 714 and 102.
102
Calculate the highest common divisor of 178 and 8366.
178
What is the highest common factor of 11 and 1639?
11
Calculate the greatest common divisor of 6 and 160.
2
Calculate the highest common factor of 100 and 380.
20
What is the greatest common divisor of 1272 and 1431?
159
Calculate the greatest common divisor of 243 and 18.
9
What is the greatest common divisor of 8829 and 81?
81
What is the greatest common factor of 119 and 34?
17
Calculate the highest common factor of 336 and 384.
48
Calculate the greatest common divisor of 37 and 185.
37
What is the greatest common divisor of 26 and 169?
13
What is the highest common divisor of 13 and 767?
13
What is the greatest common divisor of 208 and 78?
26
Calculate the greatest common factor of 930 and 45.
15
Calculate the highest common divisor of 116 and 856.
4
Calculate the highest common divisor of 34 and 18.
2
Calculate the highest common factor of 46 and 575.
23
Calculate the highest common factor of 46 and 161.
23
Calculate the highest common factor of 9 and 639.
9
Calculate the highest common divisor of 40 and 4280.
40
Calculate the greatest common factor of 6 and 32.
2
What is the greatest common divisor of 33 and 10461?
33
Calculate the highest common divisor of 12474 and 21.
21
Calculate the highest common factor of 36 and 72.
36
Calculate the greatest common divisor of 5750 and 5.
5
Calculate the highest common divisor of 90 and 6282.
18
What is the highest common divisor of 30 and 255?
15
What is the greatest common factor of 28 and 7?
7
Calculate the greatest common divisor of 18 and 192.
6
What is the highest common divisor of 36 and 8?
4
What is the greatest common factor of 22 and 69971?
11
Calculate the highest common factor of 1143 and 18.
9
What is the greatest common divisor of 18 and 90?
18
What is the highest common factor of 25 and 75?
25
What is the greatest common factor of 231 and 5775?
231
What is the highest common divisor of 432 and 30?
6
Calculate the greatest common factor of 484 and 2288.
44
What is the highest common factor of 136 and 3944?
136
What is the highest common factor of 178 and 2759?
89
What is the greatest common factor of 23 and 9545?
23
Calculate the highest common factor of 5 and 11.
1
Calculate the greatest common divisor of 810 and 400.
10
What is the greatest common divisor of 126 and 462?
42
Calculate the highest common divisor of 120 and 24.
24
Calculate the greatest common factor of 288 and 1056.
96
What is the highest common factor of 54 and 24?
6
What is the greatest common divisor of 14910 and 5?
5
Calculate the greatest common divisor of 98 and 637.
49
Calculate the greatest common factor of 943 and 41.
41
What is the highest common factor of 66 and 3102?
66
Calculate the highest common factor of 430 and 10.
10
What is the highest common factor of 1 and 55?
1
What is the highest common divisor of 51 and 51?
51
Calculate the highest common factor of 1196 and 208.
52
What is the greatest common divisor of 55 and 1705?
55
What is the greatest common divisor of 64 and 4544?
64
What is the highest common factor of 1421 and 29?
29
What is the greatest common divisor of 30172 and 114?
38
Calculate the highest common divisor of 961 and 31.
31
Calculate the greatest common factor of 455 and 1001.
91
What is the highest common factor of 12 and 48?
12
Calculate the greatest common factor of 5548 and 19.
19
Calculate the highest common factor of 43740 and 20.
20
What is the greatest common factor of 1600 and 3800?
200
Calculate the greatest common factor of 33 and 1.
1
What is the greatest common factor of 80 and 30?
10
What is the highest common divisor of 19 and 399?
19
Calculate the highest common divisor of 273 and 35.
7
Calculate the greatest common factor of 72 and 603.
9
What is the greatest common divisor of 92 and 2852?
92
Calculate the greatest common factor of 624 and 13884.
156
Calculate the highest common factor of 84 and 204.
12
What is the highest common factor of 260 and 40?
20
What is the highest common factor of 5 and 6605?
5
What is the greatest common factor of 7870 and 60?
10
What is the greatest common divisor of 8 and 32?
8
What is the greatest common divisor of 9599 and 29?
29
What is the highest common factor of 4136 and 11?
11
What is the greatest common factor of 289 and 850?
17
What is the highest common factor of 210 and 720?
30
Calculate the greatest common divisor of 651 and 1674.
93
What is the greatest common factor of 29 and 1421?
29
Calculate the highest common divisor of 135 and 80.
5
Calculate the highest common divisor of 375 and 6225.
75
Calculate the greatest common factor of 11 and 62887.
11
What is the greatest common divisor of 105 and 30?
15
What is the highest common divisor of 143 and 1287?
143
Calculate the greatest common factor of 62166 and 26.
26
Calculate the greatest common divisor of 10560 and 768.
192
What is the highest common divisor of 17727 and 114?
57